der when p(9) is divided by 0 - (-4 + (-4)/(-2))?
0
Let p(o) = 18*o + 11. What is the remainder when p(5) is divided by 9?
2
Suppose -b + 6*b - 5 = 0. Let k(d) = d - 11. Calculate the remainder when k(13) is divided by b.
0
Let z be ((-4)/3)/(12/(-18)). Let q(t) = 6*t**2 - 6. Calculate the remainder when 51 is divided by q(z).
15
Let o = -480 + 501. Calculate the remainder when 125 is divided by o.
20
Let j(m) = 3*m - 9. Let x(h) = h + 1. Let d(z) = j(z) - 2*x(z). Let g be d(11). Suppose -5*r + 131 - 46 = g. Calculate the remainder when 32 is divided by r.
15
Let f(a) = a + 2. Let y be f(-2). Suppose -7*d + 2*d + 80 = y. What is the remainder when 31 is divided by d?
15
Let q = 25 - 18. Suppose 0*t - 2*t = -28. Suppose 8*o = q*o + t. Calculate the remainder when 27 is divided by o.
13
Suppose 0*w - w = -5*v + 40, -40 = -5*v + 4*w. What is the remainder when 12/(-1)*(-287)/164 is divided by v?
5
Let n(h) = 2*h**2 + 7*h + 6. What is the remainder when n(-7) is divided by (-4)/22 - ((-668)/11)/4?
10
Suppose 2 = -y - 0, 5*y + 1 = -3*r. Suppose 22 = t - v, 0 = t + 4*t - r*v - 110. Calculate the remainder when t is divided by 9.
4
Let u(d) = 2*d + 37. What is the remainder when (-2)/7 - (-212)/7 is divided by u(-13)?
8
Let c(s) = 17*s. Let t be c(1). Suppose 12*o + 190 = t*o. What is the remainder when 113 is divided by o?
37
Let u(w) = w**3 + 5*w**2 + w. Calculate the remainder when u(-4) is divided by 4.
0
Let o(s) = 65*s + 54. Suppose -16 = -w - 3*b, -2*w + b - 26 = -3*w. Calculate the remainder when o(2) is divided by w.
29
Let j = 31 + -33. What is the remainder when j/(-8) - (-550)/40 is divided by 8?
6
Let j be 146*(-2 + (-5)/(-2)). Let g = j + -23. Calculate the remainder when g is divided by (-351)/(-21) + (-4)/(-14).
16
Let b(x) = x**2 + 16*x + 17. Let h be b(-15). Suppose -i - 2*i = -4*j - 37, 3*i = h*j + 41. What is the remainder when i is divided by 6?
3
Let i(c) = 42*c - 146. Let l = 69 - 27. Calculate the remainder when l is divided by i(4).
20
Let c = -1417 - -1507. What is the remainder when c is divided by 24?
18
Suppose 2*a = -a. Suppose -y + 56 - 17 = 2*v, v - 4*y - 42 = a. Suppose 2*u - 16 = 2*o - 0*o, 5*u = -o + 40. What is the remainder when v is divided by u?
6
Suppose 19 = u - 5*q, -2 + 11 = -3*q. Suppose 0 = -3*v + 3*l - u*l + 54, -15 = -5*l. What is the remainder when 33 is divided by v?
16
Suppose -4*h - h = 0. Suppose h = 2*x - 5*z - 148, 0 = 4*x + 2*z - 0*z - 344. Suppose -3*d + x = d. Calculate the remainder when 83 is divided by d.
20
Let k be 4 - ((1 - (5 + -2)) + 0). Suppose 7*v + k - 146 = 0. Calculate the remainder when 37 is divided by v.
17
Let r = 2316 - 2289. Suppose o + 28 = -3*o. Let p = o + 21. What is the remainder when r is divided by p?
13
Let c = 16 - 14. Suppose -c*l + 9*l = 21. Calculate the remainder when 5 is divided by l.
2
Let o = 184 + -141. Let k(x) = -x**3 - 8*x**2 - 5*x - 3. Let v be k(-6). Let b = -30 - v. What is the remainder when o is divided by b?
13
What is the remainder when 58*(6/4 + -1) is divided by 16?
13
Let o(d) = -d**2 + 6*d - 2. Let i(n) = n**2 - n - 1. Let t(s) = 5*i(s) + o(s). Let w = -45 - -66. What is the remainder when t(4) is divided by w?
19
Suppose 0*s = 2*s + 6, 3*s + 9 = -2*r. Suppose r = x + 3 - 1. What is the remainder when (23/(-2))/(x/8) is divided by 12?
10
Let f(l) = -l**3 + 8*l**2 - 5*l. Let b be f(4). Suppose 20*c - 19*c - b = 0. What is the remainder when c is divided by 13?
5
Let y = -281 - -468. Let m = y + -146. What is the remainder when m is divided by 9?
5
Suppose -2*l - 68 = -248. Suppose -11*p + 8*p + l = 0. Calculate the remainder when 116 is divided by p.
26
Suppose 4*p - t - 107 = 46, 0 = -4*p - 3*t + 149. Let q = p + -31. What is the remainder when 40 is divided by q?
5
Suppose 2*a + 2*p = 106, 0*a + 4*p - 268 = -5*a. Suppose 23*d = 156 + 74. What is the remainder when a/10*(0 - -5) is divided by d?
8
Suppose 3*q + 161 = -5*d - 62, 276 = -4*q + 4*d. Let r = q + 104. Suppose 3*i - 4*i = -r. Calculate the remainder when i is divided by 17.
16
Let h(x) = 2*x**3 - 29*x**2 + 14*x + 9. What is the remainder when -80*(8/(-5))/4 is divided by h(14)?
5
Suppose -260 = -32*b + 27*b. Calculate the remainder when 59 is divided by b.
7
Suppose n - 25 = -0*n. Suppose -a = -3*u - 2*u - 8, 3*a + u = 8. Suppose 96 = a*j - j. What is the remainder when j is divided by n?
23
Let a(n) = 3*n + 51. What is the remainder when 16 is divided by a(-16)?
1
Suppose 5*i = -2*o - o + 51, 4*i + 5*o = 33. Let x be 4/i - 1/3. Suppose n = -x*n + 17. Calculate the remainder when n is divided by 6.
5
Let g be -4*2 + 5 + (3 - 5). What is the remainder when (-1 + g/(-2))*184/12 is divided by 14?
9
Let u(f) = -3*f**3 - 7*f**2 - 22*f - 41. Calculate the remainder when 401 is divided by u(-4).
20
Suppose -8*a + 422 = 94. Calculate the remainder when (a + 0)/(-1 - -2) is divided by 14.
13
Suppose -27*w = -43*w + 3504. What is the remainder when w is divided by 42?
9
Let p(u) = -2*u**2 + 13*u + 9. Let o be p(7). Let f(r) = 4*r**3 - 2*r**2 - r + 3. What is the remainder when f(o) is divided by 7?
4
Let k be (-4)/(-20) - (-1833)/(-15). Let u = k + 450. Suppose -4*j + z + u = 0, j - 3*z + 328 = 5*j. Calculate the remainder when j is divided by 17.
14
Let x(g) = g**2 - 55*g - 220. Calculate the remainder when 156 is divided by x(59).
12
Suppose -4*c = -0*c - 44. Let y = 4 + 1. Suppose -g - 2 = 3*s, -y*g + g - 4*s + 16 = 0. What is the remainder when c is divided by g?
4
Suppose 0 = 4*a - 13 - 7. Suppose 0*b - 125 = -a*b. What is the remainder when b is divided by 15?
10
Suppose -4*r - 4*f + 3*f = -64, f = r - 11. What is the remainder when 67 is divided by 23/3*(r - 12)?
21
Let w(q) = -q**3 - 9*q**2 - 4*q - 22. What is the remainder when w(-10) is divided by 15?
13
Let j(b) = 3*b**3 - 6*b**2 - b + 24. Let v(g) = -46*g + 1. Calculate the remainder when v(-2) is divided by j(0).
21
What is the remainder when 176/(-3)*552/(-1012) is divided by 17?
15
What is the remainder when (-112)/(-80) - (-6652)/20 is divided by 86?
76
Suppose 6 = 2*u - 2. Suppose -u*n = 2*n - 192. Suppose 0 = k + h - n, -3*h = k - 27 - 7. Calculate the remainder when 123 is divided by k.
30
Suppose 0 = p - 3*p + 4. Let h = p + 5. Suppose 0 = 5*r - 97 + 37. What is the remainder when r is divided by h?
5
Suppose -2*i + 51 = 3*v + 2*v, 3*v = 3*i + 18. Suppose 3*l + 0 = v. What is the remainder when l is divided by 3?
0
Let c(i) = i**2 - 9*i + 12. Let s be c(8). Suppose -5*h - 5*w = 0, -3*w + 3 + 2 = s*h. Calculate the remainder when 7 is divided by (h - 3)/4*6.
1
Let u = -330 + 344. What is the remainder when 43 is divided by u?
1
What is the remainder when 100 is divided by (-8 - -25) + (0 - -7 - 3)?
16
Let m be (-955)/(-7) - 66/154. Let n = m + -97. Calculate the remainder when n is divided by 10.
9
Let g = 107 + -66. Let w = -437 - -639. Calculate the remainder when w is divided by g.
38
Let a(g) = 32*g + 5. Suppose 2*p - 5*p = -9. Let t be a(p). Let z = t - 72. What is the remainder when z is divided by 11?
7
Suppose 2*m = -o - 0*o, -26 = -5*m + 4*o. Suppose m*l = -2 + 6. Suppose 4*j - 31 = -h, j - 51 = -l*h + 4*j. What is the remainder when 80 is divided by h?
26
Let h be 1*-1*(-98)/7. Suppose p - 1 = -4*r, -h = 5*p + r - 0*r. What is the remainder when 31*p/9*-3 is divided by 8?
7
Suppose 419 = 5*q + p, 0 = -q - 22*p + 23*p + 85. Calculate the remainder when q is divided by 45.
39
Suppose 2*m + 2*m = 0. Suppose 130 = 4*z + y, 116 = 3*z - 5*y - 16. What is the remainder when z is divided by 1*(m - 0 - -5)?
4
Let l = -138 + 146. Let x = 2 + 27. Calculate the remainder when x is divided by l.
5
Let l(f) = -f**2 + 17*f + 57. What is the remainder when 377 is divided by l(19)?
16
Let i = -47 + 66. Let j = 35 - i. Calculate the remainder when 46 is divided by j.
14
Let s(u) = -21 - u + 2*u + 5*u - 3*u. What is the remainder when s(10) is divided by 4?
1
Let j = -15 - -25. Let h be ((-10)/(-5))/8*0. Suppose d + 3*d + 4*t - 96 = h, 5*d + 3*t - 128 = 0. What is the remainder when d is divided by j?
8
Let u(a) = -a**2 + 33*a - 182. Calculate the remainder when 389 is divided by u(20).
77
Suppose -11*l + 6*l = -2*v - 774, l - 147 = 3*v. What is the remainder when l is divided by 12?
0
Let f(x) = -x**3 - 5*x**2 - 7*x - 6. Suppose